-5*z - 14*p + 23295 = -11*p, 3*p = 0. Suppose 0 = -20*j + 17*j + z. List the prime factors of (-3 - (-22)/7) + j/7.
2, 3, 37
Let v = -8550 + 16613. List the prime factors of v.
11, 733
Suppose 224*t + 23711 - 147047 = 221*t. List the prime factors of t.
2, 3, 571
Let a be 36/60 + 7234/10. Let d = a - 515. List the prime factors of d.
11, 19
Let a(u) = 269*u + 37. Let t be a(3). Let q = t + -599. List the prime factors of q.
5, 7
Let f = 26859 - 16112. List the prime factors of f.
11, 977
Let w(p) = -8*p - 2. Let o be w(-4). Suppose -o = -2*n - 0. Suppose -303 = -3*f - n. What are the prime factors of f?
2, 3
Suppose -5*t - 21 = -56. Suppose 0 = -0*k - k - t. Let j(z) = 5*z**2 - 3*z - 19. What are the prime factors of j(k)?
13, 19
Suppose -4*p = d, 2*p = -0*d - 3*d. Suppose d = -4*g + 23 - 11. Suppose 5*z - 10 = 0, 8*a - 3*z - 684 = g*a. What are the prime factors of a?
2, 3, 23
Suppose 5*d = -5*q - 10835, 2*q - 4318 = 2*d - 0*d. List the prime factors of d/(-56) + (140/32 - 4).
3, 13
Suppose -2*m = -z - 37524, 1426*m + 56285 = 1429*m - 2*z. List the prime factors of m.
29, 647
Suppose -h - 1873 = -2*v + 791, -3*v - 5*h + 3996 = 0. Suppose 0 = 10*z - 16*z + v. What are the prime factors of z?
2, 3, 37
Suppose 34*c - 148 = -3*c. Suppose -a - c*v - 1368 = -5*a, 3*a = 4*v + 1026. What are the prime factors of a?
2, 3, 19
Let q(g) = -24 - 508*g**3 + 1020*g**3 + 14*g - g**2 - 511*g**3. What are the prime factors of q(10)?
2, 127
Let g(y) = 62*y**3 + 4*y**2 - 8*y + 12. Let r be g(3). Suppose 133*t = 136*t - r. What are the prime factors of t?
2, 283
Let l be 4*(-5)/(-60) + 15/9. Suppose l*g - 6*g + 412 = 3*y, -3*y = 5*g - 413. What are the prime factors of y?
2, 17
Let w(i) = -21 + 0 + 2*i**2 + 74 - 24*i - 17. What are the prime factors of w(16)?
2, 41
Let b(a) be the second derivative of -14*a**3/3 + 3*a**2/2 - 33*a. Let m be b(-5). Suppose -4*p = -m - 481. List the prime factors of p.
2, 3, 13
Let t(z) = 37*z**3 - 3*z**2 - 16*z + 46. What are the prime factors of t(5)?
2, 1129
Suppose 86130 = 3*h + 4*q, 4*q + 19499 = h - 9227. List the prime factors of h.
2, 7, 293
Suppose -10 = -2*k - 0. Suppose -z + 15 = -4*c, -4*z + k*c = -116 + 12. Suppose -z = -3*b + 206. What are the prime factors of b?
79
List the prime factors of (3 + -98)*(83 + -57)*(-1 + 0).
2, 5, 13, 19
Let j(a) = -3*a + 18*a + 1 - 5 + 0*a. Let v be j(1). List the prime factors of 5/(v/11 + 1 + -1).
5
Let f be (-5)/((-10)/2 - (2 + -6)). Suppose 4*j + 64 = f*v, 0 = -3*v + 5*j + 10 + 18. List the prime factors of v.
2
Suppose 312156 = 3594*w - 3565*w. What are the prime factors of w?
2, 3, 13, 23
Let y = -132 + 188. Let g = y - 46. Suppose 6*q - 7*q = -g. List the prime factors of q.
2, 5
Let h = 6708 + -3418. What are the prime factors of h/50 - (-3)/15?
2, 3, 11
Let n(a) = a**2 + 46*a + 355. Let k be n(-36). Let d(l) = 9*l + 10*l**2 + 13 - 7 - 1. What are the prime factors of d(k)?
2, 3, 5, 7
Let v be 22/(-33) - (-1 + (-22)/(-3)). Let y be 194/v - (-8)/(-28). List the prime factors of (-2 + -1 - y)*11.
5, 11
Let c = 13149 + -7428. What are the prime factors of c?
3, 1907
Let m = 104 + -93. Let v = m + 73. Let n = v + 43. List the prime factors of n.
127
Suppose 2056*l - 1011*l - 456480 = 1025*l. What are the prime factors of l?
2, 3, 317
Let x(z) = -z**3 - 9*z**2 - 10*z - 1. Let f be x(-9). Let h = f + -37. What are the prime factors of h?
2, 13
Let a = -602 + 609. Let t(y) = 136*y - 86. List the prime factors of t(a).
2, 433
Let o(v) = -3*v - 15 - 2*v**2 + 2*v + 24*v. Let j = -1044 + 1053. List the prime factors of o(j).
2, 3, 5
Suppose 9088 = -12*t + 21316. List the prime factors of t.
1019
Let l = -718 - -431. Let c = 363 - l. List the prime factors of c.
2, 5, 13
Let j = 24 - 61. Suppose 3*m = 9*x - 13*x + 325, -150 = -2*x - 4*m. Let b = x + j. What are the prime factors of b?
2, 3
Let o = 7 + -6. Let b(n) = 24*n**3 + 9*n**2 - 3*n - 9. Let u(t) = -12*t**3 - 4*t**2 + t + 4. Let w(d) = -2*b(d) - 5*u(d). List the prime factors of w(o).
13
Suppose -5*g + 22 = 3*o, 3*o - 2*o = -g + 6. Let i be g/6*134 - (-18)/54. Suppose i = -14*s + 15*s. What are the prime factors of s?
3, 5
Let h be ((-3)/(-4))/(5/800). What are the prime factors of (570/h)/((-1)/(-24))?
2, 3, 19
List the prime factors of (-472)/(-177)*14427/6.
2, 7, 229
Let v be (-463 + 13)*2/(-4). List the prime factors of v*1 + 6/4*-2.
2, 3, 37
Let z = -208 + 209. List the prime factors of (-53228)/(-112) - z/4.
5, 19
Let q be (10/(-6))/((-1)/(-9)). What are the prime factors of (-10)/q - (-1 - 1046/6)?
2, 11
Let o(y) = 14*y + 34. Let w be o(-17). Let n = w + 244. List the prime factors of n.
2, 5
List the prime factors of 277064/70 + 42/(-735).
2, 1979
Let n(p) be the first derivative of 2*p**3/3 + 7*p**2/2 - 10*p - 117. List the prime factors of n(4).
2, 5
Let v = 12 - 9. Let o be (-102)/9*(1 - (-14 + v)). Let u = -88 - o. List the prime factors of u.
2, 3
Let m = 8722 - 4369. What are the prime factors of m?
3, 1451
Suppose 3 + 3 = -2*r. Let l = -24428 + 24348. What are the prime factors of (l + 2)/(2 + r)?
2, 3, 13
Let r = 122253 + -82898. What are the prime factors of r?
5, 17, 463
What are the prime factors of (1 + -162)/(-5*7/6370)?
2, 7, 13, 23
Suppose 5*k + 184580 = 5*j, -3*k = -j + 19409 + 17499. What are the prime factors of j?
2, 5, 13, 71
Let h be 0*4/(-8) + -12. Let g be 4/(h/147)*1. Let t = 91 + g. List the prime factors of t.
2, 3, 7
Suppose w - 91*d + 94*d = 12112, -5 = -5*d. List the prime factors of w.
12109
Let l = -39 - -30. Let f(o) = -3*o**2 - 25*o - 2. Let y be f(l). Let c = y + 69. List the prime factors of c.
7
List the prime factors of (64475/125 + -6)*60.
2, 3, 2549
Let q be (-818)/(-6) - 30/(-45). Let s = -165 + q. List the prime factors of (-2 + (-52)/16)*s.
3, 7
Let t be 119 + 16 + -8 - -4. Suppose 0 = -t*i + 126*i + 960. List the prime factors of i.
2, 3
Let l(s) = -9*s - 15 + 0*s**3 + 46*s - 19 - 4*s**3 + 25 + 4*s**2. What are the prime factors of l(-4)?
163
Let x(g) = 146*g**2 + 37*g + 257. List the prime factors of x(-7).
2, 3, 149
Let s be (4/2)/((-5)/(-35)). Suppose -4*u + 182 + 38 = 0. Let p = u - s. What are the prime factors of p?
41
Let c(f) = 143*f + 62. Let u be c(-5). Let s = u - -1783. List the prime factors of s.
2, 5, 113
Suppose 30*b - 6*b - 289324 = -4*b. What are the prime factors of b?
10333
What are the prime factors of 2988 + 8 - (-1 + -3 - -8 - -2)?
2, 5, 13, 23
Let r = -1011 + 1549. Let x = r - 9. List the prime factors of x.
23
Suppose 3*l = -3*t + 76185, -11*l + 13*l + t = 50795. List the prime factors of l.
2, 5, 127
Let l(r) = 6*r - 15. Let c be l(5). Suppose -18 = -i - 31*a + 29*a, 3*a = c. What are the prime factors of i?
2
Suppose 57303 - 9108 = 5*t. List the prime factors of t/17 - 2/1.
5, 113
Let a(n) be the second derivative of 2*n**3/3 + 29*n. Let h be a(6). List the prime factors of ((-20)/h)/5 - 818/(-12).
2, 17
Let h(u) = -u**3 - 60*u**2 - 75*u + 824. What are the prime factors of h(-70)?
2, 3, 67, 137
Let j be 0/(-7)*2/(-4). Suppose j = -6*c + 1312 + 1232. List the prime factors of c.
2, 53
Let u = 81 + -75. What are the prime factors of u*((-26)/143 - 2234/(-66))?
2, 101
Let o(y) be the second derivative of 3*y**5/40 + 5*y**4/24 + 4*y**3 + y + 13. Let j(k) be the second derivative of o(k). List the prime factors of j(30).
5, 11
Let x be (5 + (-4)/(-1))/1. Suppose -m = 2*q - x, 5*m - 2 = 23. List the prime factors of (-1 - 0/q)*(-212 - 3).
5, 43
Suppose 3*w = -5*y + 344, -2*w = y - 148 - 93. Suppose -18*z + 123 = -15*z. Suppose w = z*o - 38*o. What are the prime factors of o?
41
Suppose 0 = -27*m + 17*m. Suppose 3*n + 0*n - 234 = -4*g, -3*g = m. What are the prime factors of n?
2, 3, 13
List the prime factors of 1/1*-27*(-15)/(-3)*-363.
3, 5, 11
Let s(z) = -7*z + 66. Let p be s(9). Suppose -h = -p*c - 479, -h - 4*c + 526 = 54. What are the prime factors of h?
2, 7, 17
Let p(v) = v**2 - 19*v + 62. Let d be p(15). Let z be ((-4)/d)/((-2)/20*4). Suppose -7*g = z*g - 1572. What are the prime factors of g?
131
Suppose -4*f + 610 + 366 = -4*t, 0 = -2*t. Suppose 5*q - f - 1446 = 0. What are the prime factors of q?
2, 13
Let p be -4*3/18 + (-202)/(-6). Let a = 35 - p. Suppose -72 = -l - l - r, a*r + 31 = l. List the prime factors of l.
5, 7
Let o be ((-1)/(6/12))/(2 +